uppose q*o = 31*o - 325. What is the tens digit of o?
6
Suppose -l + 285 = -201. Let s = -45 + l. What is the units digit of s?
1
Suppose 16 = -4*n + 88. Suppose n*s - 12*s = 30. Let r(h) = h**2 + 6*h - 2. What is the units digit of r(s)?
3
What is the thousands digit of (-5972)/(-5) - ((-522)/45 + 12)?
1
Let f be 1/(-3)*(-142 + 1). Let o = 52 - f. Suppose -m = -3*p - 55, 4*m - m = o*p + 177. What is the tens digit of m?
6
Suppose 2*p - 8*s = -13*s + 14832, 29654 = 4*p + 5*s. What is the tens digit of p?
1
Suppose 0 = -5*x + 4*n + 29901, -20*x + 17*x + 5*n = -17938. What is the thousands digit of x?
5
Let s(f) = 297*f + 33. Let i be s(4). Let l = i + -573. Suppose 3*p - 2*h - 1012 + 373 = 0, -l = -3*p - h. What is the tens digit of p?
1
Suppose -24105 = -27*b + 117231 + 67833. What is the hundreds digit of b?
7
Let g = 31406 - 21972. What is the units digit of g?
4
Let c = 51 + -45. What is the tens digit of 1/((-695)/(-115) - c)?
2
Suppose -4244*z - 92781 = -4253*z. What is the thousands digit of z?
0
Let b(x) = -x**2 + 7*x - 3. Let o be b(3). Suppose -5*h = o*h - 7238. What is the units digit of h?
7
Let b(n) = 4*n + 56. Let d be b(-12). What is the hundreds digit of 544 - (6/2 - d)?
5
Suppose -271 = h + 3*p, -4*h - 2*p + 0*p = 1124. Let w = 737 + h. What is the hundreds digit of w?
4
Suppose 0 = 2*j + 5*i - 9288, 2*j - i + 351 = 9651. What is the units digit of j?
9
Suppose 12060697 = 312*w + 3356209. What is the thousands digit of w?
7
Let m = -106925 + 165709. What is the tens digit of m?
8
Let i be ((-1)/(-3))/(2/(-30)). Let c(r) be the third derivative of r**5/20 - 7*r**4/24 + r**3/3 - 3*r**2. What is the hundreds digit of c(i)?
1
Let z(b) = -5625*b**3 - 4*b**2 - 100*b - 204. What is the hundreds digit of z(-2)?
9
Suppose -3*z - 5 = 4*y - 5*y, 2*z = 4*y - 20. Suppose -1200*v + 1201*v - 1335 = z. What is the thousands digit of v?
1
Suppose 5*m = -25, 5*w - 5*m - 4570 = -40665. What is the units digit of w/(-32) - (-1)/4?
6
What is the ten thousands digit of 32957/1 + (-10)/(-8) + 2755/(-380)?
3
Let z = 54 + -58. Let j be (-3)/(2*z/152). Let l = -17 + j. What is the tens digit of l?
4
Let j(n) = -3*n**3 + 39*n**2 + 442*n - 32. What is the units digit of j(-19)?
6
Suppose 4*c = -21 + 17. Let u(k) = -k**2. Let g be u(c). What is the units digit of -19*3/(-4 - g)?
9
Suppose -30824 = -2*w + 5*x, -12*x + 13*x - 61670 = -4*w. What is the hundreds digit of w?
4
Let o = -53 - -46. Let h = 182 - o. What is the units digit of h?
9
Let p be -25 + 2 + (-10 - (7 + -15)). Let o(l) = -31*l + 91. What is the tens digit of o(p)?
6
Suppose -4*h - 107 = 21. Let o = h - -326. What is the tens digit of o?
9
Let h(q) be the second derivative of q**5/10 + q**4/2 + q**3/6 - 17*q**2/2 + 4*q - 11. What is the units digit of h(6)?
7
Let k(q) = 2*q + 11. Let x be k(17). Suppose -2*p = -x + 181. Let u = 81 + p. What is the tens digit of u?
1
Let s(a) = -252*a**3 + 3*a**2 - 7*a + 6. Let b(x) = -126*x**3 + 2*x**2 - 4*x + 3. Let v(o) = 5*b(o) - 3*s(o). What is the hundreds digit of v(1)?
1
Let m(s) = 16*s**2 + 19*s - 545. What is the hundreds digit of m(15)?
3
Suppose -9*q + 13*q - 5*z - 56983 = 0, 5*q = -z + 71207. Suppose -q - 15658 = -20*c. What is the tens digit of c?
9
Suppose -4*a = o - 21859, 10954 = 2*a - 28*o + 32*o. What is the tens digit of a?
6
Let a(o) = 10*o**3 - 9*o**2 + 2*o - 10. Let u = 88 + -84. What is the hundreds digit of a(u)?
4
Let k = -1581 - -452. Let h = 1593 + k. What is the units digit of h?
4
What is the units digit of 300575/330 + 2/12?
1
Suppose 62*o = 55*o - 910. Let q = o - -170. What is the units digit of q?
0
Let t(n) = -n**3 - 11*n**2 + 5*n - 46. Let i be t(-10). Let y = i + 219. What is the tens digit of y?
2
Suppose -5*a = 2*w - 6*w - 66, -a = 3*w + 2. Suppose 0 = -a*g + 903 + 2087. What is the tens digit of g?
9
Suppose 79 = -3*c - c - k, -3*k = -c - 10. What is the hundreds digit of (13 + -20)*c*3?
3
Suppose -98*q = -102*q + 8. What is the tens digit of (-1)/(1 - q)*(-724)/(-4)?
8
Let s(t) = -t + 17. Let x be s(6). Suppose x*q = 6*q - 45. What is the units digit of (148/(-16) - q)/(1/(-28))?
7
Suppose 0 = 20*y - 111 + 171. What is the units digit of 1458/(-15)*(5/10 + y)?
3
Let m = -2213 + 10000. What is the tens digit of m?
8
Suppose i + 10 - 12 = 0. Suppose 3*s + 2*k + 62 = -2*s, -2*k = i. What is the units digit of 126/s*32/(-12)?
8
Let t = 64 + -28. Suppose 2*m - 4*w - 14 = 0, 0*w + 7 = 4*m - w. Let q = t + m. What is the tens digit of q?
3
Let b be (12/(-14))/((-10)/630). Let f(c) = 2*c**3 - 3*c**2 + 3*c - 2. Let s be f(3). Suppose s = 2*k - b. What is the tens digit of k?
4
Let x(g) be the third derivative of g**6/120 + 7*g**5/60 - g**4/3 - g**3/3 - 4*g**2 - 3*g. What is the hundreds digit of x(6)?
4
Suppose 48883 = 14*u - 32738 - 13635. What is the hundreds digit of u?
8
Let k(g) = 11*g**2 + 4*g - 26. Let o(x) = 5*x**2 + 2*x - 13. Let j(r) = 6*k(r) - 13*o(r). Let c(h) = 43*h - 183. Let p be c(4). What is the units digit of j(p)?
6
What is the hundreds digit of (1 + 88 - 3)/5*(-1415)/(-2)?
1
Let d = 584 - -5724. What is the tens digit of d?
0
Let s = -3625 - -8764. What is the tens digit of s?
3
Let j = 5982 - 4587. What is the thousands digit of j?
1
Let p = 10834 + -6333. What is the thousands digit of p?
4
Let b(w) = w**3 + 48*w**2 - 10*w - 381. What is the thousands digit of b(-42)?
0
Let b be 7 - (14 + -16 - (0 + 1)). Suppose 4*u + 2*i - b = -348, 0 = u + 2*i + 92. Let l = u + 315. What is the units digit of l?
3
Let k = 179 - -1178. Suppose 0 = 5*u - k - 788. What is the units digit of u?
9
Let r(k) = 6*k**2 - 11*k - 319. What is the hundreds digit of r(19)?
6
Suppose -82*a - 44*a = -857430. What is the hundreds digit of a?
8
Let k = -2078 - -1334. Let w = -441 - k. What is the units digit of w?
3
Suppose 21*j + 20126 = 3473. Let n = j - -1248. What is the tens digit of n?
5
Let n(v) = -68*v**3 - v**2 + 12*v + 19. Let i = 439 + -441. What is the hundreds digit of n(i)?
5
Let u(s) be the second derivative of 2*s**4/3 + s**3/2 + 2*s**2 + 30*s. Let w be 1*1/(-1 - 0). What is the units digit of u(w)?
9
Let s(w) = w**3 + w**2 + w + 1. Let a(b) = -9*b**3 - 8*b**2 + 9*b - 44. Let q(u) = -a(u) - 6*s(u). What is the tens digit of q(6)?
6
Let s(y) = -14*y - 146. Let c be s(-7). What is the units digit of 5 + 21*c/(-18)?
1
Let a = 61 + -61. Suppose a = -5*v - 5*h + 3030, -4*v + 1976 = -3*h - 462. What is the units digit of v?
8
What is the tens digit of 756/(-315)*(3 + 369068/(-16))?
5
Suppose -14*y - 13 = -3611. What is the hundreds digit of y?
2
Let t = -13063 - -24043. What is the ten thousands digit of t?
1
Suppose -42*m + 39*m + 30 = 0. Let v be (m/(-4))/5*(-1 - 177). Suppose v = 3*l + 5*f, -5*l - f - 2 + 121 = 0. What is the units digit of l?
3
What is the tens digit of 124*(-75784)/(-608) - 2/(-38)?
5
Let y(m) = -52*m**2 - m - 1. Let o be y(-2). Suppose 5*f - 76 = 2*p + 60, 5*p + 3*f + 402 = 0. Let z = p - o. What is the tens digit of z?
2
Let i = 19055 + -18835. What is the hundreds digit of i?
2
Let z = -7050 - -11895. What is the thousands digit of z?
4
Let l = -1314 + 893. Let v = 812 + l. What is the units digit of v?
1
Let n = -18 - -16. Let c be (-381)/(-5) - (n + (-66)/(-30)). Suppose -7*r + c = -239. What is the units digit of r?
5
Let m(f) = -5*f + 27. Let k(v) = -v + 1. Let h(q) = -4*k(q) + m(q). Let o(t) = -t + 24. Let z(d) = 5*h(d) - 4*o(d). What is the tens digit of z(8)?
1
Suppose -3692554 = -105*m - 877294. What is the ten thousands digit of m?
2
Suppose -705133 = -172*v + 29*v. What is the hundreds digit of v?
9
Suppose 5*u = 3*u + i + 53381, 4*u + 5*i = 106755. What is the units digit of u?
0
Let b = -70 - 53. Let n = b - -234. Suppose n + 1354 = 5*m. What is the tens digit of m?
9
Let u(n) = 183*n + 639. What is the thousands digit of u(24)?
5
Let w(l) = 8*l**3 + 2*l**2 - 6*l - 17. Let u be w(-3). Let h = 489 + u. What is the units digit of h?
2
Let v(g) = -g**3 - 2*g**2 + 24*g + 5. Let j be v(4). Suppose -2*y + 2368 = j*x, -3*x + 3*y + y = -1400. What is the units digit of x?
2
Let b = -23 + 39. Let y be (22/4 + -3)/5*b. Suppose 0 = -y*r + 1587 - 371. What is the units digit of r?
2
Let l = 240 + -275. What is the hundreds digit of -4 + (-22180)/l - 2/(-7)?
6
Let i(b) = -22*b**2 - 9*b - 2. Let k be